List the prime factors of 3734009.
47, 53, 1499
List the prime factors of 10076948.
2, 7, 51413
What are the prime factors of 132176?
2, 11, 751
What are the prime factors of 99351?
3, 7, 19, 83
What are the prime factors of 9656728?
2, 677, 1783
List the prime factors of 2967124.
2, 741781
List the prime factors of 110044.
2, 11, 41, 61
What are the prime factors of 1359974?
2, 7, 11, 8831
List the prime factors of 4036969.
43, 223, 421
List the prime factors of 13874881.
229, 60589
List the prime factors of 265400.
2, 5, 1327
List the prime factors of 253001.
7, 47, 769
What are the prime factors of 7023249?
3, 29, 71, 379
List the prime factors of 17158424.
2, 83, 25841
What are the prime factors of 2673336?
2, 3, 23, 29, 167
What are the prime factors of 158300?
2, 5, 1583
List the prime factors of 94688.
2, 11, 269
List the prime factors of 130742.
2, 65371
What are the prime factors of 283502?
2, 229, 619
What are the prime factors of 44023?
7, 19, 331
List the prime factors of 251307.
3, 7, 3989
What are the prime factors of 7671304?
2, 727, 1319
List the prime factors of 159217.
113, 1409
List the prime factors of 235182.
2, 3, 19, 2063
What are the prime factors of 260278?
2, 181, 719
What are the prime factors of 55889?
55889
What are the prime factors of 562437?
3, 37, 563
What are the prime factors of 4144898?
2, 367, 5647
What are the prime factors of 47793?
3, 89, 179
What are the prime factors of 485957?
53, 173
List the prime factors of 27349178.
2, 103, 132763
What are the prime factors of 1131458?
2, 349, 1621
What are the prime factors of 225373?
225373
List the prime factors of 113513.
113513
List the prime factors of 343881.
3, 19, 2011
List the prime factors of 336579.
3, 151, 743
What are the prime factors of 68522?
2, 34261
What are the prime factors of 426968?
2, 19, 53
List the prime factors of 11766384.
2, 3, 7, 1297
What are the prime factors of 1917313?
1917313
List the prime factors of 858614.
2, 331, 1297
List the prime factors of 2003442.
2, 3, 7, 47701
List the prime factors of 19455807.
3, 7, 926467
What are the prime factors of 276605?
5, 7, 1129
What are the prime factors of 6632356?
2, 1658089
List the prime factors of 3076527.
3, 1025509
What are the prime factors of 21858935?
5, 7, 624541
List the prime factors of 744902.
2, 372451
List the prime factors of 12932187.
3, 23, 187423
List the prime factors of 2234209.
2234209
List the prime factors of 9704547.
3, 73, 14771
What are the prime factors of 289390?
2, 5, 43, 673
What are the prime factors of 296844?
2, 3, 29, 853
List the prime factors of 1362105.
3, 5, 30269
List the prime factors of 296536.
2, 101, 367
List the prime factors of 1484024.
2, 103, 1801
List the prime factors of 942010.
2, 5, 94201
List the prime factors of 6468669.
3, 718741
What are the prime factors of 8854954?
2, 23, 192499
List the prime factors of 11029099.
101, 109199
List the prime factors of 1137331.
13, 89, 983
What are the prime factors of 1290829?
23, 56123
List the prime factors of 3793851.
3, 227, 619
List the prime factors of 1782790.
2, 5, 17, 10487
List the prime factors of 27462926.
2, 2549, 5387
What are the prime factors of 24264983?
24264983
What are the prime factors of 3142381?
11, 463, 617
What are the prime factors of 4027051?
7, 653, 881
What are the prime factors of 393390?
2, 3, 5, 31, 47
List the prime factors of 144576.
2, 3, 251
What are the prime factors of 693327?
3, 231109
What are the prime factors of 6419432?
2, 587, 1367
List the prime factors of 18278855.
5, 7, 19, 27487
List the prime factors of 4279472.
2, 23, 29, 401
What are the prime factors of 2205292?
2, 19, 29017
What are the prime factors of 25958?
2, 12979
List the prime factors of 688879.
47, 14657
What are the prime factors of 52794?
2, 3, 7, 419
What are the prime factors of 247146?
2, 3, 17, 2423
What are the prime factors of 30191?
7, 19, 227
What are the prime factors of 743459?
59, 12601
List the prime factors of 1835286.
2, 3, 17, 19, 947
What are the prime factors of 474238?
2, 31, 7649
List the prime factors of 1013956.
2, 29, 8741
What are the prime factors of 221699?
47, 53, 89
What are the prime factors of 1536570?
2, 3, 5, 7, 271
What are the prime factors of 1256412?
2, 3, 104701
List the prime factors of 220468.
2, 55117
What are the prime factors of 24762490?
2, 5, 23, 31, 151
What are the prime factors of 5117474?
2, 2558737
List the prime factors of 94351.
94351
What are the prime factors of 3417469?
11, 67, 4637
What are the prime factors of 367860?
2, 3, 5, 6131
What are the prime factors of 4299834?
2, 3, 7, 11, 41, 227
List the prime factors of 3951833.
379, 10427
What are the prime factors of 235171?
235171
What are the prime factors of 8094?
2, 3, 19, 71
What are the prime factors of 1418724?
2, 3, 39409
List the prime factors of 390475.
5, 15619
What are the prime factors of 5293604?
2, 193, 6857
What are the prime factors of 185795?
5, 37159
List the prime factors of 1705972.
2, 19, 22447
List the prime factors of 1603719.
3, 13, 1523
List the prime factors of 79468.
2, 19867
What are the prime factors of 160110?
2, 3, 5, 593
What are the prime factors of 92949?
3, 30983
List the prime factors of 154967.
353, 439
What are the prime factors of 5282261?
769, 6869
List the prime factors of 3688184.
2, 17, 47, 577
List the prime factors of 6818643.
3, 13, 4483
What are the prime factors of 433633?
433633
What are the prime factors of 37531308?
2, 3, 17, 19, 23, 421
What are the prime factors of 137726?
2, 68863
What are the prime factors of 2203609?
37, 59557
What are the prime factors of 105687?
3, 11743
What are the prime factors of 57993?
3, 13, 1487
What are the prime factors of 301883?
37, 41, 199
What are the prime factors of 38489?
11, 3499
List the prime factors of 4891635.
3, 5, 7, 53, 293
What are the prime factors of 431948?
2, 11, 9817
What are the prime factors of 4458274?
2, 19, 23, 5101
What are the prime factors of 645648?
2, 3, 13451
What are the prime factors of 74006?
2, 37003
What are the prime factors of 409402?
2, 7, 29243
List the prime factors of 4996647.
3, 61687
List the prime factors of 1664051.
1283, 1297
List the prime factors of 38028.
2, 3, 3169
What are the prime factors of 316457?
23, 13759
What are the prime factors of 76203?
3, 8467
What are the prime factors of 877668?
2, 3, 11, 61, 109
What are the prime factors of 18110119?
18110119
List the prime factors of 161620.
2, 5, 8081
What are the prime factors of 771028?
2, 192757
What are the prime factors of 9736773?
3, 3245591
List the prime factors of 202170.
2, 3, 5, 23, 293
List the prime factors of 7510939.
43, 174673
What are the prime factors of 3733305?
3, 5, 248887
List the prime factors of 23525968.
2, 1470373
What are the prime factors of 343002?
2, 3, 11, 5197
List the prime factors of 262149.
3, 87383
What are the prime factors of 508861?
17, 37, 809
List the prime factors of 975932.
2, 269, 907
What are the prime factors of 3128235?
3, 5, 11, 18959
What are the prime factors of 165443?
165443
What are the prime factors of 8264560?
2, 5, 103307
What are the prime factors of 149661?
3, 23, 241
What are the prime factors of 7546633?
79, 95527
List the prime factors of 973892.
2, 243473
What are the prime factors of 706559?
7, 100937
What are the prime factors of 6069665?
5, 7, 37, 43, 109
List the prime factors of 530720.
2, 5, 31, 107
What are the prime factors of 142050?
2, 3, 5, 947
What are the prime factors of 413439?
3, 13, 10601
List the prime factors of 818263.
109, 7507
What are the prime factors of 7995885?
3, 5, 37, 14407
What are the prime factors of 24884?
2, 6221
List the prime factors of 1438368.
2, 3, 14983
List the prime factors of 140478.
2, 3, 13, 1801
What are the prime factors of 5832181?
5832181
List the prime factors of 264101.
264101
List the prime factors of 1243076.
2, 127, 2447
List the prime factors of 4052700.
2, 3, 5, 19, 79
List the prime factors of 1484737.
1484737
What are the prime factors of 1298165?
5, 11, 23603
What are the prime factors of 459485?
5, 13, 7069
What are the prime factors of 165294?
2, 3, 3061
List the prime factors of 2328713.
2328713
What are the prime factors of 26533290?
2, 3, 5, 7, 126349
What are the prime 